ctor of 826 and u.
14
Let i = 4057 + -3980. What is the greatest common factor of i and 22?
11
Let o be 521/(-6) - (-25)/(-150). Let c = 99 + o. Calculate the highest common factor of c and 6.
6
Suppose -9 + 49 = 5*o. Suppose 4 = 10*k - o*k. Suppose 5*m - k*i - 33 = 0, -4 = -i - 3*i. What is the highest common factor of 28 and m?
7
Let w(g) = -g**3 + 7*g**2 + 13*g - 23. Let t be w(8). Suppose -t*h + 15453 = -2040. Calculate the greatest common factor of h and 49.
49
Suppose -2 = -6*d + 125 - 19. Let z(p) = 5*p - p + 2*p**2 + p**3 - 2*p - 3*p**3 - 2. Let a be z(-2). Calculate the greatest common divisor of a and d.
18
Let o = -9 + 42. Suppose 29*m = o*m - 32. Let n(d) = -d**3 + 10*d**2 - 14*d - 12. Let c be n(m). What is the highest common factor of 1 and c?
1
Suppose 4*s + 3*q - 195 = s, 124 = 2*s - q. Suppose 0 = 5*l - 5*x - 415, 2*l + 2942*x - 167 = 2943*x. Calculate the highest common factor of s and l.
21
Let o = -23042 + 39994. Calculate the greatest common factor of o and 208.
104
Suppose 0*l - 5*l = -150. Suppose 545*y + 1300 = 675*y. Calculate the highest common divisor of l and y.
10
Let t be 5 - (84/(-70))/((-3)/(-685)). What is the greatest common factor of t and 465?
93
Suppose 126 = -6*y + 978. Suppose -9*s = -y - 56. Calculate the highest common divisor of s and 352.
22
Let f(o) = o**3 + 4*o**2 - 27*o - 20. Let t be f(-7). Suppose -26*b + 540 = -t*b. What is the greatest common divisor of b and 108?
27
Suppose -3*v + 6 = -3. Suppose 0*m + 5*m - 38 = 4*d, v*m = 2*d + 24. What is the highest common divisor of m and 2?
2
Let w(v) = 6*v**2 - 655*v + 157. Let z be w(109). What is the greatest common divisor of 208 and z?
16
Let i = 0 + 1. Let j = 33 + -23. Suppose j*f = 9*f + 1. What is the highest common divisor of i and f?
1
Suppose 3*y + 120 = 15. Let p be -4 + (-7)/(y/(-30)). Let a be (p/(-30))/((-1)/(-24)). Calculate the greatest common divisor of a and 20.
4
Let u(m) = m**3 + 23*m**2 + 43*m + 21. Let g be u(-13). What is the highest common divisor of g and 72?
72
Suppose -3*j - j = -132. Let h = 37 - j. Let l be h/(-10) + (-3 - (-334)/10). Calculate the greatest common factor of l and 6.
6
Let p(o) = -92*o + 764. Let s be p(8). What is the greatest common factor of 6356 and s?
28
Let n(m) = -11*m + 3. Let c(g) = -g - 7. Let t be c(-4). Let z be n(t). Let i = z - 18. What is the highest common divisor of 2 and i?
2
Let s(n) = n**2 + 2*n - 9. Let k be s(4). Let h = -5 + k. Suppose -3 = h*g - 23. Calculate the highest common factor of g and 10.
2
Let m = 1074 - 750. Suppose 11*v - 6*v = u + 807, -2*v = -u - m. Calculate the highest common divisor of v and 92.
23
Let m be (940/(-30))/((-1)/(-6)). Let t = m + 422. Calculate the highest common divisor of 78 and t.
78
Let q(o) = 4*o - 38. Let i be q(14). Suppose 6*m + 0*m - i = 0. Suppose -2*d - m*h = d - 87, 0 = 3*h + 12. What is the highest common factor of 66 and d?
33
Let t(r) = r**2 + 16*r - 812. Let d be t(-38). What is the highest common factor of d and 768?
24
Suppose -3*q = 2*h - 173, 2*h = -2*h - 5*q + 349. Let u = -31 + h. Calculate the highest common divisor of 12 and u.
12
Suppose 5*v + 673 = n, 669 = n - 78*v + 75*v. What is the greatest common factor of n and 585?
39
Let k be 1/((-5)/(-2)) - (-3717)/45. What is the greatest common factor of 2075 and k?
83
Suppose -3*w + 7*w = 468. Let f(s) = s + 35. Suppose -22*d = -10*d + 264. Let l be f(d). Calculate the greatest common factor of l and w.
13
Suppose -5*s - 308*x + 307*x + 2155 = 0, -x + 1725 = 4*s. Calculate the greatest common divisor of 2666 and s.
86
Suppose -2*g = -z - 32, -3*z + 11 = g - 6*z. Let j = -119 + 119. Suppose -3*w = j, 2*k - k - 3*w = 17. Calculate the greatest common factor of k and g.
17
Let b(q) be the second derivative of 2*q**2 - 3/2*q**3 + 19/12*q**4 + 30*q - 1/10*q**5 + 0. Let a be b(9). Calculate the greatest common divisor of 68 and a.
4
Let p = -16350 - -16418. Calculate the greatest common factor of 1921 and p.
17
Suppose 0*l + l = 0, u = -4*l + 122. Suppose -u = -5*o + 93. Let t = o + -1. Calculate the highest common factor of 28 and t.
14
Suppose 6*g - 5*h = 2*g + 9, 3*g - 5*h - 13 = 0. Let c be (-39)/(-6)*g*(-30)/4. Suppose -45 = 5*z - c. What is the greatest common divisor of z and 75?
15
Let y = 195 - 138. Let l(w) = 1959*w - 7833. Let c be l(4). What is the highest common factor of c and y?
3
Let v = 156 + -150. Suppose 0 = 3*c + 147 - 183. Let j be ((-3)/(-2))/(2/c). What is the highest common divisor of v and j?
3
Let q be (-6 - (5 + -2))/(33/(-253)). What is the greatest common divisor of q and 1725?
69
Suppose -q + l = -1, -7 = 2*q - 4*l - l. Suppose -3*g + 9 = -3, -3*g = -q*w + 1968. What is the highest common divisor of w and 45?
45
Let l = 20 + -10. Suppose -l*n - 66 - 314 = 0. Let g be (-2)/(-8) + 7/((-56)/n). Calculate the highest common divisor of 35 and g.
5
Let d = 25 + -28. Let r be 1 + d - (-17 - -2). Let t = -165 + 166. Calculate the greatest common divisor of t and r.
1
Let p = 442 - 414. Suppose p*v - 170 = -6*v. Calculate the highest common factor of v and 15.
5
Suppose 740 = 5*a - 5*t, -5*a - 50*t = -48*t - 740. Calculate the greatest common divisor of a and 3922.
74
Let v(g) = 2*g**2 - 13*g + 17. Let x(t) = -2*t - 16. Let y be x(-12). Let m be v(y). Let b = m + -32. What is the greatest common divisor of 6 and b?
3
Suppose 1415*v + 108 = 1421*v. Calculate the greatest common divisor of v and 5886.
18
Let d be (-3)/12 - 42/(-8). Let t = d - 2. Suppose -t*b + 46 = 5*s, 17 = 3*b - 3*s - 13. Calculate the highest common factor of b and 16.
4
Suppose 4*p = -20, l - 4*p = 6*l - 27180. Calculate the greatest common factor of l and 80.
80
Let r = 1300 + -1249. What is the greatest common divisor of r and 408?
51
Let g(o) = -6076*o + 15 + 2*o**3 - 4*o**2 + 6074*o + 2*o**3. Let a be g(3). What is the greatest common factor of a and 216?
27
Let t = -1803 + 2371. Calculate the highest common divisor of t and 8.
8
Let k(w) = 1177*w**2 - 30*w - 231. Let i be k(-5). Calculate the highest common divisor of 32 and i.
32
Let w be (-3072)/(-80)*10/(-3). Let o = -115 - w. What is the highest common divisor of o and 390?
13
Let c(n) = 15*n - 86. Suppose 3*g = 5*i + 38, 5*g + 5*i - 14 = i. Let s be c(g). Calculate the greatest common factor of s and 52.
4
Suppose 35 = 3*j - 2*q, 4*q - 2 = -18. Suppose -c - 1212 = j*y - 12*y, -3 = -c. What is the highest common factor of y and 15?
15
Let h be 1 + -7 + 4 + 99. Let f = h - 52. Calculate the greatest common divisor of 60 and f.
15
Suppose 21808 = 25*m - 21*m. Suppose 5*x - 667 = -m. Let u be x/(-55) - (-4)/(-10). Calculate the highest common factor of u and 51.
17
Let u be 8*(36/(-6))/(-84)*70. Suppose -k = -4*z + 2 + 2, 5*k - 105 = -5*z. Calculate the highest common divisor of k and u.
8
Let j = -41 + 224. Suppose 23*q - 781 = -j. Calculate the highest common factor of q and 1053.
13
Let r(k) = 2*k**2 - 10*k + 11. Suppose 2*x - 6 = 0, -18 = -d + x - 14. Let c be r(d). Calculate the greatest common factor of 52 and c.
13
Let g(f) = 2*f**2 + 85*f + 330. Let n be g(-41). Calculate the highest common factor of 460 and n.
23
Let x be 311*1 + (-4)/(-2*4/(-6)). Calculate the highest common factor of 2695 and x.
77
Let l = -350 + 356. Suppose l + 78 = 3*x. What is the greatest common factor of x and 98?
14
Let x(u) = 435 - 225 + 2*u**2 - 276 - 3*u. Let l be x(7). Calculate the greatest common factor of l and 11.
11
Suppose -2283 - 1003 = -31*l. Calculate the highest common factor of l and 88.
2
Suppose 95 = -3*b - l, 3*b + 12 + 71 = 5*l. Let k be b/(-5) + ((-4)/(-1))/(-20). Suppose k*g = g + 55. What is the greatest common factor of 77 and g?
11
Suppose -2*i = -0*c + 2*c - 180, c - 106 = 3*i. Suppose -4*h - 34 = -c. What is the highest common factor of h and 195?
15
Suppose 0 = 4*x + b - 35, -b - 16 = -5*x + 39. Suppose -x*n + 14*n = 172. Calculate the highest common factor of 172 and n.
43
Let l be 2/7 + (16/(-56) - -7). Suppose -6*n - 15 = -l*n. What is the highest common factor of n and 5?
5
Let w be 28/140 - 87839/(-5). What is the greatest common factor of 12 and w?
12
Suppose 32*h - 679 = 20*h + 5081. What is the highest common divisor of h and 336?
48
Let k = 84 + -45. Let a = k + -35. Let o be ((-17)/a - -3)/(4/(-32)). What is the great